{"id":78,"date":"2025-12-01T16:24:54","date_gmt":"2025-12-01T16:24:54","guid":{"rendered":"https:\/\/schatzkiste-brocki.ch\/?page_id=78"},"modified":"2026-01-20T10:12:32","modified_gmt":"2026-01-20T10:12:32","slug":"startseite","status":"publish","type":"page","link":"https:\/\/schatzkiste-brocki.ch\/","title":{"rendered":"Startseite"},"content":{"rendered":"\n<div class=\"wp-block-group alignfull has-global-padding is-layout-constrained wp-container-core-group-is-layout-9fea274e wp-block-group-is-layout-constrained has-background\" style=\"min-height:0vh;margin-top:0px;margin-bottom:0px;padding-top:var(--wp--preset--spacing--60);padding-right:var(--wp--preset--spacing--40);padding-bottom:var(--wp--preset--spacing--60);padding-left:var(--wp--preset--spacing--40);background-image:url(&apos;https:\/\/schatzkiste-brocki.ch\/wp-content\/uploads\/2025\/11\/nadjib-br-51Ms-0PbCHo-unsplash-scaled.jpg&apos;);background-size:cover;\">\n<div class=\"wp-block-group has-global-padding is-layout-constrained wp-container-core-group-is-layout-346627ba wp-block-group-is-layout-constrained\">\n<h2 class=\"wp-block-heading has-text-align-center responsive-break has-base-color has-text-color has-link-color has-xx-large-font-size wp-elements-1f33097c117c9c8df6be0a83fbe698fb\" style=\"margin-right:0;margin-left:0;padding-right:0;padding-left:0\">Schatzkiste Toffen<br>Selbst\u00adbedienungs<wbr>\u00ad\u00adbrocki<\/h2>\n\n\n\n<p class=\"has-text-align-center has-base-color has-text-color has-link-color has-cinzel-decorative-font-family wp-elements-4b5ecad62a2a587782e5215a13bb3c2d\">Wie Fundst\u00fccke, die im richtigen Licht pl\u00f6tzlich zu kleinen Sch\u00e4tzen werden, wartet jeder Gegenstand hier darauf, sein zweites Leuchten zu zeigen.<\/p>\n\n\n\n<p class=\"has-text-align-center has-base-color has-text-color has-link-color has-cinzel-decorative-font-family wp-elements-9fde047343ebd888194fe0b5cd0f998d\">Still, geduldig und voller heimlicher Geschichten, die nur darauf brennen weiterzugehen.<\/p>\n\n\n\n<div class=\"wp-block-buttons is-content-justification-center is-layout-flex wp-container-core-buttons-is-layout-a89b3969 wp-block-buttons-is-layout-flex\">\n<div class=\"wp-block-button\"><a class=\"wp-block-button__link has-distillerydisplay-font-family wp-element-button\" href=\"https:\/\/schatzkiste-brocki.ch\/#dienstleistungen\" style=\"letter-spacing:5px\">WEITERE INFORMATIONEN<\/a><\/div>\n<\/div>\n<\/div>\n<\/div>\n\n\n\n<div class=\"wp-block-group alignfull is-style-section-1 has-global-padding is-layout-constrained wp-block-group-is-layout-constrained is-style-section-1--1\" style=\"margin-top:0;margin-bottom:0;padding-top:var(--wp--preset--spacing--80);padding-bottom:var(--wp--preset--spacing--80)\">\n<div class=\"wp-block-columns alignwide is-layout-flex wp-container-core-columns-is-layout-66fad18a wp-block-columns-is-layout-flex\">\n<div class=\"wp-block-column is-layout-flow wp-block-column-is-layout-flow\" style=\"padding-right:var(--wp--preset--spacing--50);flex-basis:45%\">\n<figure class=\"wp-block-image size-full is-style-default\"><img loading=\"lazy\" decoding=\"async\" width=\"2560\" height=\"1706\" src=\"https:\/\/schatzkiste-brocki.ch\/wp-content\/uploads\/2025\/12\/DSC_6620-scaled.jpg\" alt=\"Das R\u00e4umungsteam der SCHATZKISTE in Arbeitskleidung mit Sackkarren und Anh\u00e4nger\" class=\"wp-image-103\" srcset=\"https:\/\/schatzkiste-brocki.ch\/wp-content\/uploads\/2025\/12\/DSC_6620-scaled.jpg 2560w, https:\/\/schatzkiste-brocki.ch\/wp-content\/uploads\/2025\/12\/DSC_6620-300x200.jpg 300w, https:\/\/schatzkiste-brocki.ch\/wp-content\/uploads\/2025\/12\/DSC_6620-1024x683.jpg 1024w, https:\/\/schatzkiste-brocki.ch\/wp-content\/uploads\/2025\/12\/DSC_6620-768x512.jpg 768w, https:\/\/schatzkiste-brocki.ch\/wp-content\/uploads\/2025\/12\/DSC_6620-1536x1024.jpg 1536w, https:\/\/schatzkiste-brocki.ch\/wp-content\/uploads\/2025\/12\/DSC_6620-2048x1365.jpg 2048w\" sizes=\"auto, (max-width: 2560px) 100vw, 2560px\" \/><\/figure>\n\n\n\n<div class=\"wp-block-group has-global-padding is-layout-constrained wp-block-group-is-layout-constrained\" style=\"margin-top:-12vw\">\n<figure class=\"wp-block-image alignright size-full is-resized is-style-rounded wp-duotone-unset-2\" style=\"margin-right:-5vw;margin-left:-5vw\"><img loading=\"lazy\" decoding=\"async\" width=\"2560\" height=\"1708\" src=\"https:\/\/schatzkiste-brocki.ch\/wp-content\/uploads\/2025\/12\/2021_07_Immoerben-13-scaled.jpg\" alt=\"\" class=\"wp-image-105\" style=\"aspect-ratio:2\/3;object-fit:cover;width:202px\" srcset=\"https:\/\/schatzkiste-brocki.ch\/wp-content\/uploads\/2025\/12\/2021_07_Immoerben-13-scaled.jpg 2560w, https:\/\/schatzkiste-brocki.ch\/wp-content\/uploads\/2025\/12\/2021_07_Immoerben-13-300x200.jpg 300w, https:\/\/schatzkiste-brocki.ch\/wp-content\/uploads\/2025\/12\/2021_07_Immoerben-13-1024x683.jpg 1024w, https:\/\/schatzkiste-brocki.ch\/wp-content\/uploads\/2025\/12\/2021_07_Immoerben-13-768x513.jpg 768w, https:\/\/schatzkiste-brocki.ch\/wp-content\/uploads\/2025\/12\/2021_07_Immoerben-13-1536x1025.jpg 1536w, https:\/\/schatzkiste-brocki.ch\/wp-content\/uploads\/2025\/12\/2021_07_Immoerben-13-2048x1367.jpg 2048w\" sizes=\"auto, (max-width: 2560px) 100vw, 2560px\" \/><\/figure>\n<\/div>\n<\/div>\n\n\n\n<div class=\"wp-block-column is-vertically-aligned-center is-layout-flow wp-block-column-is-layout-flow\" style=\"padding-right:0;padding-left:0;flex-basis:50%\">\n<div class=\"wp-block-group is-vertical is-layout-flex wp-container-core-group-is-layout-fe9cc265 wp-block-group-is-layout-flex\">\n<h2 class=\"wp-block-heading is-style-text-annotation is-style-text-annotation--3\">\u00dcber uns<\/h2>\n<\/div>\n\n\n\n<p class=\"is-style-text-subtitle has-cinzel-decorative-font-family has-medium-font-size is-style-text-subtitle--4\">Wir sind mehr als ein Brockenhaus! wir sind ein Ort f\u00fcr alle, die Dinge weiterleben lassen m\u00f6chten. Hier findet Gebrauchtes eine neue Chance, und Menschen entdecken, wie inspirierend ein bewusster Umgang mit Ressourcen sein kann.<br><br>Mit jedem Einkauf in der Schatzkiste hilfst du, die Umweltbelastung zu reduzieren und nachhaltige Alternativen zu st\u00e4rken. Statt Wegwerfen setzen wir auf Wiederverwendung und Qualit\u00e4t \u2013 so entstehen besondere Wohn- und Modefundst\u00fccke mit Charakter und Geschichte.<\/p>\n<\/div>\n<\/div>\n<\/div>\n\n\n\n<div class=\"wp-block-group alignfull has-global-padding is-layout-constrained wp-container-core-group-is-layout-ebee8dc1 wp-block-group-is-layout-constrained\" style=\"margin-top:0;margin-bottom:0;padding-top:var(--wp--preset--spacing--50);padding-bottom:var(--wp--preset--spacing--50)\">\n<div style=\"height:0px\" aria-hidden=\"true\" id=\"dienstleistungen\" class=\"wp-block-spacer\"><\/div>\n\n\n\n<h2 class=\"wp-block-heading alignwide\">Unsere Dienstleistungen<\/h2>\n\n\n\n<div class=\"wp-block-columns alignwide is-layout-flex wp-container-core-columns-is-layout-28f84493 wp-block-columns-is-layout-flex\">\n<div class=\"wp-block-column is-layout-flow wp-block-column-is-layout-flow\">\n<figure class=\"wp-block-image size-full\" style=\"margin-bottom:24px\"><img loading=\"lazy\" decoding=\"async\" width=\"2560\" height=\"1696\" src=\"https:\/\/schatzkiste-brocki.ch\/wp-content\/uploads\/2025\/12\/dina-badamshina-j7vbBmTHmjY-unsplash-scaled.jpg\" alt=\"Gestapelte Kartonkisten mit Pflanzen\" class=\"wp-image-107\" style=\"aspect-ratio:4\/3;object-fit:cover\" srcset=\"https:\/\/schatzkiste-brocki.ch\/wp-content\/uploads\/2025\/12\/dina-badamshina-j7vbBmTHmjY-unsplash-scaled.jpg 2560w, https:\/\/schatzkiste-brocki.ch\/wp-content\/uploads\/2025\/12\/dina-badamshina-j7vbBmTHmjY-unsplash-300x199.jpg 300w, https:\/\/schatzkiste-brocki.ch\/wp-content\/uploads\/2025\/12\/dina-badamshina-j7vbBmTHmjY-unsplash-1024x678.jpg 1024w, https:\/\/schatzkiste-brocki.ch\/wp-content\/uploads\/2025\/12\/dina-badamshina-j7vbBmTHmjY-unsplash-768x509.jpg 768w, https:\/\/schatzkiste-brocki.ch\/wp-content\/uploads\/2025\/12\/dina-badamshina-j7vbBmTHmjY-unsplash-1536x1018.jpg 1536w, https:\/\/schatzkiste-brocki.ch\/wp-content\/uploads\/2025\/12\/dina-badamshina-j7vbBmTHmjY-unsplash-2048x1357.jpg 2048w\" sizes=\"auto, (max-width: 2560px) 100vw, 2560px\" \/><\/figure>\n\n\n\n<h3 class=\"wp-block-heading is-style-default\" style=\"letter-spacing:5px\">R\u00e4umungen<\/h3>\n\n\n\n<p class=\"has-cinzel-decorative-font-family has-medium-font-size\">Wir \u00fcbernehmen die R\u00e4umung bei einer Hausratsaufl\u00f6sung selbst in die Hand und sorgen daf\u00fcr, dass deine Liebhaberst\u00fccke ein neues Zuhause finden.<\/p>\n<\/div>\n\n\n\n<div class=\"wp-block-column is-layout-flow wp-block-column-is-layout-flow\">\n<figure class=\"wp-block-image size-full\" style=\"margin-bottom:24px\"><img loading=\"lazy\" decoding=\"async\" width=\"2560\" height=\"1707\" src=\"https:\/\/schatzkiste-brocki.ch\/wp-content\/uploads\/2025\/12\/anindita-barma-_vbm8XF3J4-unsplash-scaled.jpg\" alt=\"\" class=\"wp-image-109\" style=\"aspect-ratio:4\/3;object-fit:cover\" srcset=\"https:\/\/schatzkiste-brocki.ch\/wp-content\/uploads\/2025\/12\/anindita-barma-_vbm8XF3J4-unsplash-scaled.jpg 2560w, https:\/\/schatzkiste-brocki.ch\/wp-content\/uploads\/2025\/12\/anindita-barma-_vbm8XF3J4-unsplash-300x200.jpg 300w, https:\/\/schatzkiste-brocki.ch\/wp-content\/uploads\/2025\/12\/anindita-barma-_vbm8XF3J4-unsplash-1024x683.jpg 1024w, https:\/\/schatzkiste-brocki.ch\/wp-content\/uploads\/2025\/12\/anindita-barma-_vbm8XF3J4-unsplash-768x512.jpg 768w, https:\/\/schatzkiste-brocki.ch\/wp-content\/uploads\/2025\/12\/anindita-barma-_vbm8XF3J4-unsplash-1536x1024.jpg 1536w, https:\/\/schatzkiste-brocki.ch\/wp-content\/uploads\/2025\/12\/anindita-barma-_vbm8XF3J4-unsplash-2048x1366.jpg 2048w\" sizes=\"auto, (max-width: 2560px) 100vw, 2560px\" \/><\/figure>\n\n\n\n<h3 class=\"wp-block-heading\" style=\"letter-spacing:5px\">Ankauf<\/h3>\n\n\n\n<p class=\"has-cinzel-decorative-font-family has-medium-font-size\">Nach Absprache stellen wir deine ungenutzten Gegenst\u00e4nde bei uns in der Brocki oder auf <a href=\"https:\/\/www.ricardo.ch\/de\/shop\/immo-erben\/offers\" target=\"_blank\" rel=\"noreferrer noopener\">\n  <mark style=\"background-color:rgba(0, 0, 0, 0); text-decoration: underline;\" class=\"has-inline-color has-contrast-color\">Ricardo<\/mark><\/a> aus. F\u00fcr deine Rarit\u00e4ten bieten wir dir einen fairen Preis.<\/p>\n<\/div>\n\n\n\n<div class=\"wp-block-column is-layout-flow wp-block-column-is-layout-flow\">\n<figure class=\"wp-block-image size-full\" style=\"margin-bottom:24px\"><img loading=\"lazy\" decoding=\"async\" width=\"2560\" height=\"1707\" src=\"https:\/\/schatzkiste-brocki.ch\/wp-content\/uploads\/2025\/12\/jonathan-phillips-miYI75ynzGg-unsplash-scaled.jpg\" alt=\"\" class=\"wp-image-108\" style=\"aspect-ratio:4\/3;object-fit:cover\" srcset=\"https:\/\/schatzkiste-brocki.ch\/wp-content\/uploads\/2025\/12\/jonathan-phillips-miYI75ynzGg-unsplash-scaled.jpg 2560w, https:\/\/schatzkiste-brocki.ch\/wp-content\/uploads\/2025\/12\/jonathan-phillips-miYI75ynzGg-unsplash-300x200.jpg 300w, https:\/\/schatzkiste-brocki.ch\/wp-content\/uploads\/2025\/12\/jonathan-phillips-miYI75ynzGg-unsplash-1024x683.jpg 1024w, https:\/\/schatzkiste-brocki.ch\/wp-content\/uploads\/2025\/12\/jonathan-phillips-miYI75ynzGg-unsplash-768x512.jpg 768w, https:\/\/schatzkiste-brocki.ch\/wp-content\/uploads\/2025\/12\/jonathan-phillips-miYI75ynzGg-unsplash-1536x1024.jpg 1536w, https:\/\/schatzkiste-brocki.ch\/wp-content\/uploads\/2025\/12\/jonathan-phillips-miYI75ynzGg-unsplash-2048x1366.jpg 2048w\" sizes=\"auto, (max-width: 2560px) 100vw, 2560px\" \/><\/figure>\n\n\n\n<h3 class=\"wp-block-heading\" style=\"letter-spacing:5px\">Verkauf<\/h3>\n\n\n\n<p class=\"has-cinzel-decorative-font-family has-medium-font-size\">In der SCHATZKISTE findest du gut erhaltene Alltagsgegenst\u00e4nde zum kleinen Preis. Auf <a href=\"https:\/\/www.ricardo.ch\/de\/shop\/immo-erben\/offers\" target=\"_blank\" rel=\"noreferrer noopener\">\n  <mark style=\"background-color:rgba(0, 0, 0, 0); text-decoration: underline;\" class=\"has-inline-color has-contrast-color\">Ricardo<\/mark><\/a> gibt es noch viele weitere Angebote zu entdecken!<\/p>\n<\/div>\n<\/div>\n<\/div>\n\n\n\n<div class=\"wp-block-group alignfull is-style-section-1 has-global-padding is-layout-constrained wp-block-group-is-layout-constrained is-style-section-1--5\" style=\"margin-top:0;margin-bottom:0;padding-top:var(--wp--preset--spacing--60);padding-bottom:var(--wp--preset--spacing--60)\">\n<div class=\"wp-block-columns alignwide is-style-default is-layout-flex wp-container-core-columns-is-layout-74b2cda3 wp-block-columns-is-layout-flex\">\n<div class=\"wp-block-column is-layout-flow wp-block-column-is-layout-flow\" style=\"flex-basis:50%\">\n<div class=\"wp-block-group is-style-default is-vertical is-layout-flex wp-container-core-group-is-layout-41fdfdc5 wp-block-group-is-layout-flex\" style=\"min-height:100%\">\n<h2 class=\"wp-block-heading is-style-text-annotation has-x-small-font-size is-style-text-annotation--6\">Was die Leute sagen<\/h2>\n\n\n\n<blockquote class=\"wp-block-quote is-style-plain has-x-large-font-size is-layout-flow wp-container-core-quote-is-layout-5dafc681 wp-block-quote-is-layout-flow is-style-plain--7\" style=\"font-style:normal;font-weight:400\">\n<div class=\"wp-block-group has-global-padding is-content-justification-left is-layout-constrained wp-container-core-group-is-layout-e61344d6 wp-block-group-is-layout-constrained\" style=\"margin-top:0;margin-bottom:0;padding-top:0;padding-right:0;padding-bottom:0;padding-left:0\">\n<p class=\"is-style-default has-x-large-font-size\">\u201eSehr zufrieden! Der Verk\u00e4ufer ist zuverl\u00e4ssig, freundlich und professionell. Die Kommunikation war schnell und angenehm. <\/p>\n\n\n\n<p class=\"is-style-default has-x-large-font-size\">Alles genauso wie beschrieben \u2013 absolut empfehlenswert!\u201c<\/p>\n<\/div>\n<cite>Djenestra <br><sub>Ricardo Bewertung<\/sub><\/cite><\/blockquote>\n<\/div>\n<\/div>\n\n\n\n<div class=\"wp-block-column is-style-default is-layout-flow wp-block-column-is-layout-flow\" style=\"padding-top:0;padding-right:0;padding-bottom:0;padding-left:0;flex-basis:50%\">\n<figure class=\"wp-block-image size-large\"><img loading=\"lazy\" decoding=\"async\" width=\"1024\" height=\"768\" src=\"https:\/\/schatzkiste-brocki.ch\/wp-content\/uploads\/2025\/12\/diane-helentjaris-fwUt5B1vylA-unsplash-1024x768.jpg\" alt=\"\" class=\"wp-image-111\" style=\"aspect-ratio:1;object-fit:contain\" srcset=\"https:\/\/schatzkiste-brocki.ch\/wp-content\/uploads\/2025\/12\/diane-helentjaris-fwUt5B1vylA-unsplash-1024x768.jpg 1024w, https:\/\/schatzkiste-brocki.ch\/wp-content\/uploads\/2025\/12\/diane-helentjaris-fwUt5B1vylA-unsplash-300x225.jpg 300w, https:\/\/schatzkiste-brocki.ch\/wp-content\/uploads\/2025\/12\/diane-helentjaris-fwUt5B1vylA-unsplash-768x576.jpg 768w, https:\/\/schatzkiste-brocki.ch\/wp-content\/uploads\/2025\/12\/diane-helentjaris-fwUt5B1vylA-unsplash-1536x1152.jpg 1536w, https:\/\/schatzkiste-brocki.ch\/wp-content\/uploads\/2025\/12\/diane-helentjaris-fwUt5B1vylA-unsplash-2048x1536.jpg 2048w\" sizes=\"auto, (max-width: 1024px) 100vw, 1024px\" \/><\/figure>\n<\/div>\n<\/div>\n<\/div>\n\n\n\n<div class=\"wp-block-group alignfull has-global-padding is-layout-constrained wp-block-group-is-layout-constrained\" style=\"margin-top:0;margin-bottom:0;padding-top:var(--wp--preset--spacing--60);padding-bottom:var(--wp--preset--spacing--60)\">\n<div style=\"height:0px\" aria-hidden=\"true\" id=\"preise\" class=\"wp-block-spacer\"><\/div>\n\n\n\n<h2 class=\"wp-block-heading alignwide has-text-align-center\">Preise<\/h2>\n\n\n\n<p class=\"has-text-align-center\">Die Preise f\u00fcr unsere Waren versuchen wir so klein wie m\u00f6glich zu halten.<\/p>\n\n\n\n<div style=\"height:var(--wp--preset--spacing--40)\" aria-hidden=\"true\" class=\"wp-block-spacer\"><\/div>\n\n\n\n<div class=\"wp-block-columns alignwide is-layout-flex wp-container-core-columns-is-layout-1d9f35bd wp-block-columns-is-layout-flex\">\n<div class=\"wp-block-column has-border-color is-layout-flow wp-block-column-is-layout-flow\" style=\"border-color:var(--wp--preset--color--accent-6);border-width:1px;border-radius:10px;padding-top:var(--wp--preset--spacing--50);padding-right:var(--wp--preset--spacing--50);padding-bottom:var(--wp--preset--spacing--50);padding-left:var(--wp--preset--spacing--50)\">\n<h3 class=\"wp-block-heading\" id=\"free\">SCHATZKISTE BROCKI<\/h3>\n\n\n\n<p class=\"has-cinzel-decorative-font-family has-medium-font-size\">In unserem Ladenlokal in Toffen findest du nicht bei jedem Artikel ein Preisschild.<\/p>\n\n\n\n<p class=\"has-cinzel-decorative-font-family has-medium-font-size\">Wenn kein Preis angegeben ist, so vertrauen wir darauf, dass du selbst einen fairen Wert setzt.<\/p>\n\n\n\n<p class=\"has-cinzel-decorative-font-family has-medium-font-size\">Bezahlen kannst du in Bar ins K\u00e4sseli vor Ort oder per TWINT an +41 76 617 26 57.<\/p>\n<\/div>\n\n\n\n<div class=\"wp-block-column has-border-color is-layout-flow wp-block-column-is-layout-flow\" style=\"border-color:var(--wp--preset--color--accent-6);border-width:1px;border-radius:10px;padding-top:var(--wp--preset--spacing--50);padding-right:var(--wp--preset--spacing--50);padding-bottom:var(--wp--preset--spacing--50);padding-left:var(--wp--preset--spacing--50)\">\n<h3 class=\"wp-block-heading\" id=\"single\">Ricardo Artikel<\/h3>\n\n\n\n<p class=\"has-cinzel-decorative-font-family has-medium-font-size\">Bei Gegenst\u00e4nden auf <a href=\"https:\/\/www.ricardo.ch\/de\/shop\/immo-erben\/offers\" target=\"_blank\" rel=\"noreferrer noopener\">\n  <mark style=\"background-color:rgba(0, 0, 0, 0); text-decoration: underline;\" class=\"has-inline-color has-contrast-color\">Ricardo<\/mark><\/a> machen die Interessenten den Preis selbst.<\/p>\n\n\n\n<p class=\"has-cinzel-decorative-font-family has-medium-font-size\">Wir inserieren meistens ab CHF 1.- und sehen dann, wie viele Leute darauf bieten.<\/p>\n\n\n\n<p class=\"has-cinzel-decorative-font-family has-medium-font-size\">Du hast entweder Gl\u00fcck und machst ein Schn\u00e4ppli oder bietest dich mit anderen Interessierten nach oben.<\/p>\n<\/div>\n\n\n\n<div class=\"wp-block-column has-border-color is-layout-flow wp-block-column-is-layout-flow\" style=\"border-color:var(--wp--preset--color--accent-6);border-width:1px;border-radius:10px;padding-top:var(--wp--preset--spacing--50);padding-right:var(--wp--preset--spacing--50);padding-bottom:var(--wp--preset--spacing--50);padding-left:var(--wp--preset--spacing--50)\">\n<h3 class=\"wp-block-heading\" id=\"single\">R\u00e4umung<\/h3>\n\n\n\n<p class=\"has-cinzel-decorative-font-family has-medium-font-size\">Bei R\u00e4umungen wird der Preis durch den Aufwand bestimmt.<\/p>\n\n\n\n<p class=\"has-cinzel-decorative-font-family has-medium-font-size\">Es kommt ganz darauf an, wie viele Zimmer geleert werden m\u00fcssen, wie diese gef\u00fcllt sind und wie viel entsorgt werden muss.<\/p>\n\n\n\n<p class=\"has-cinzel-decorative-font-family has-medium-font-size\">Wir versuchen dabei m\u00f6glichst Vieles zu verwerten und reduzieren die Rechnung nach Bedarf.<\/p>\n<\/div>\n<\/div>\n<\/div>\n\n\n\n<div class=\"wp-block-columns is-layout-flex wp-container-core-columns-is-layout-28f84493 wp-block-columns-is-layout-flex\">\n<div class=\"wp-block-column is-layout-flow wp-block-column-is-layout-flow\">\n<h2 class=\"wp-block-heading\" id=\"kontakt\">Kontakt<\/h2>\n\n\n\n<p class=\"has-cinzel-decorative-font-family\">Hast du etwas abzugeben oder eine Frage, die du uns direkt stellen m\u00f6chtest? Gib deine Nachricht im Formular ein und wir melden uns schnellstm\u00f6glich bei dir!<\/p>\n<\/div>\n\n\n\n<div class=\"wp-block-column is-layout-flow wp-block-column-is-layout-flow\">\n<div class=\"wpcf7 no-js\" id=\"wpcf7-f169-o1\" lang=\"de-DE\" dir=\"ltr\" data-wpcf7-id=\"169\">\n<div class=\"screen-reader-response\"><p role=\"status\" aria-live=\"polite\" aria-atomic=\"true\"><\/p> <ul><\/ul><\/div>\n<form action=\"\/index.php?rest_route=%2Fwp%2Fv2%2Fpages%2F78#wpcf7-f169-o1\" method=\"post\" class=\"wpcf7-form init\" aria-label=\"Kontaktformular\" novalidate=\"novalidate\" data-status=\"init\">\n<fieldset class=\"hidden-fields-container\"><input type=\"hidden\" name=\"_wpcf7\" value=\"169\" \/><input type=\"hidden\" name=\"_wpcf7_version\" value=\"6.1.4\" \/><input type=\"hidden\" name=\"_wpcf7_locale\" value=\"de_DE\" \/><input type=\"hidden\" name=\"_wpcf7_unit_tag\" value=\"wpcf7-f169-o1\" \/><input type=\"hidden\" name=\"_wpcf7_container_post\" value=\"0\" \/><input type=\"hidden\" name=\"_wpcf7_posted_data_hash\" value=\"\" \/><input type=\"hidden\" name=\"_wpcf7_recaptcha_response\" value=\"\" \/>\n<\/fieldset>\n<p><label> Name & Vorname<br \/>\n<span class=\"wpcf7-form-control-wrap\" data-name=\"your-name\"><input size=\"40\" maxlength=\"400\" class=\"wpcf7-form-control wpcf7-text wpcf7-validates-as-required\" autocomplete=\"name\" aria-required=\"true\" aria-invalid=\"false\" value=\"\" type=\"text\" name=\"your-name\" \/><\/span> <\/label>\n<\/p>\n<p><label> E-Mail-Adresse<br \/>\n<span class=\"wpcf7-form-control-wrap\" data-name=\"your-email\"><input size=\"40\" maxlength=\"400\" class=\"wpcf7-form-control wpcf7-email wpcf7-validates-as-required wpcf7-text wpcf7-validates-as-email\" autocomplete=\"email\" aria-required=\"true\" aria-invalid=\"false\" value=\"\" type=\"email\" name=\"your-email\" \/><\/span> <\/label>\n<\/p>\n<p><label> Art der Anfrage<br \/>\n<span class=\"wpcf7-form-control-wrap\" data-name=\"select-783\"><select class=\"wpcf7-form-control wpcf7-select wpcf7-validates-as-required\" aria-required=\"true\" aria-invalid=\"false\" name=\"select-783\"><option value=\"Ich habe etwas abzugeben.\">Ich habe etwas abzugeben.<\/option><option value=\"Ich interessiere mich f\u00fcr etwas.\">Ich interessiere mich f\u00fcr etwas.<\/option><option value=\"Ich brauche Unterst\u00fctzung bei einer R\u00e4umung.\">Ich brauche Unterst\u00fctzung bei einer R\u00e4umung.<\/option><option value=\"Ich habe ein anderes Anliegen.\">Ich habe ein anderes Anliegen.<\/option><\/select><\/span> <\/label>\n<\/p>\n<p><label> Betreff<br \/>\n<span class=\"wpcf7-form-control-wrap\" data-name=\"your-subject\"><input size=\"40\" maxlength=\"400\" class=\"wpcf7-form-control wpcf7-text wpcf7-validates-as-required\" aria-required=\"true\" aria-invalid=\"false\" value=\"\" type=\"text\" name=\"your-subject\" \/><\/span> <\/label>\n<\/p>\n<p><label> Deine Nachricht<br \/>\n<span class=\"wpcf7-form-control-wrap\" data-name=\"your-message\"><textarea cols=\"40\" rows=\"10\" maxlength=\"2000\" class=\"wpcf7-form-control wpcf7-textarea\" aria-invalid=\"false\" name=\"your-message\"><\/textarea><\/span> <\/label>\n<\/p>\n<p><input class=\"wpcf7-form-control wpcf7-submit has-spinner\" type=\"submit\" value=\"Senden\" \/>\n<\/p><div class=\"wpcf7-response-output\" aria-hidden=\"true\"><\/div>\n<\/form>\n<\/div>\n\n<\/div>\n<\/div>\n\n\n\n<p><\/p>\n","protected":false},"excerpt":{"rendered":"<p>Schatzkiste ToffenSelbst\u00adbedienungs\u00ad\u00adbrocki Wie Fundst\u00fccke, die im richtigen Licht pl\u00f6tzlich zu kleinen Sch\u00e4tzen werden, wartet jeder Gegenstand hier darauf, sein zweites Leuchten zu zeigen. Still, geduldig und voller heimlicher Geschichten, die nur darauf brennen weiterzugehen. \u00dcber uns Wir sind mehr als ein Brockenhaus! wir sind ein Ort f\u00fcr alle, die Dinge weiterleben lassen m\u00f6chten. Hier findet [&hellip;]<\/p>\n","protected":false},"author":1,"featured_media":0,"parent":0,"menu_order":0,"comment_status":"closed","ping_status":"closed","template":"","meta":{"iawp_total_views":1286,"footnotes":""},"class_list":["post-78","page","type-page","status-publish","hentry"],"_links":{"self":[{"href":"https:\/\/schatzkiste-brocki.ch\/index.php?rest_route=\/wp\/v2\/pages\/78","targetHints":{"allow":["GET"]}}],"collection":[{"href":"https:\/\/schatzkiste-brocki.ch\/index.php?rest_route=\/wp\/v2\/pages"}],"about":[{"href":"https:\/\/schatzkiste-brocki.ch\/index.php?rest_route=\/wp\/v2\/types\/page"}],"author":[{"embeddable":true,"href":"https:\/\/schatzkiste-brocki.ch\/index.php?rest_route=\/wp\/v2\/users\/1"}],"replies":[{"embeddable":true,"href":"https:\/\/schatzkiste-brocki.ch\/index.php?rest_route=%2Fwp%2Fv2%2Fcomments&post=78"}],"version-history":[{"count":32,"href":"https:\/\/schatzkiste-brocki.ch\/index.php?rest_route=\/wp\/v2\/pages\/78\/revisions"}],"predecessor-version":[{"id":212,"href":"https:\/\/schatzkiste-brocki.ch\/index.php?rest_route=\/wp\/v2\/pages\/78\/revisions\/212"}],"wp:attachment":[{"href":"https:\/\/schatzkiste-brocki.ch\/index.php?rest_route=%2Fwp%2Fv2%2Fmedia&parent=78"}],"curies":[{"name":"wp","href":"https:\/\/api.w.org\/{rel}","templated":true}]}}